+ 30 = q + 4*q, 4*q = -5*n - 75. Let m = -11 - n. Is r(m) a prime number?
False
Suppose 2*x + 2120 = -2*g, 2*g + 5*x + 1526 = -591. Let d = 2416 + g. Is d a composite number?
True
Let r(i) be the third derivative of 24*i**5/5 - i**3/6 + i**2. Let z = -2 + 1. Is r(z) a prime number?
False
Let h(o) = -119*o**3 + 6*o**2 + 3*o + 9. Is h(-4) composite?
True
Let q(m) = 3*m**2 + 4*m + 5. Let r(g) = g**2 - 7*g + 6. Let t = -8 - -13. Let a be r(t). Is q(a) prime?
True
Let j(r) = -r**2 - 20*r + 6. Let x be j(-20). Suppose 5*l + 32290 = 5*o, x*o - 3*o + l - 19370 = 0. Is o a composite number?
True
Let s(z) = 15*z**2 - 4*z - 26. Let b be s(7). Let v = 1072 - b. Is v prime?
False
Suppose -4*j - w = -33624, 0 = -4*j - 2*w + 3*w + 33632. Is j prime?
False
Let g(z) = 31 + 88*z - 21 + 11*z. Let w(h) = 2*h**2 + 4*h + 3. Let l be w(-2). Is g(l) composite?
False
Let i(o) = o**2 - o + 4. Let m be i(0). Suppose 3*g = 4*l + 2, -2*g - 2*l + m*l = 0. Is 0 + g - -159 - 0 a composite number?
False
Let q = 24 + -19. Suppose q = y + 3. Suppose -462 = -2*a + 5*v, 2*a + 77 - 527 = y*v. Is a a prime number?
False
Suppose 3*p + 4*y - 4 = -p, y = 2*p - 8. Suppose p*k = 7*k - 5908. Is k a composite number?
True
Let a(g) = -4*g - 79. Is a(-33) prime?
True
Suppose -2*g - 7 = -15. Suppose 0*n + 1206 = 2*n + g*w, 2457 = 4*n - w. Is n a composite number?
False
Let c = 4640 - 2828. Let h = -1033 + c. Is h composite?
True
Suppose q - 4*q + 5*s = -42, q - 3*s = 18. Suppose -1462 = -q*t - 283. Is t a composite number?
False
Is 4/12 + (-2049856)/(-24) a composite number?
False
Is -296651*-5*5/25 prime?
True
Let f(o) = 4*o**2 - 13*o - 21. Let y(z) = -7*z**2 + 27*z + 41. Let k(g) = 11*f(g) + 6*y(g). Let u = -19 - -3. Is k(u) a prime number?
True
Suppose -3*g + 5*w - 24 = 0, -g - 5*w - 4 + 16 = 0. Is 7 + g + -1 - -290 a prime number?
True
Suppose 0*p = 3*p + 3*h, 2*p - 12 = 2*h. Suppose p*b = 4*c - 1775 - 6, 464 = c + 3*b. Is c composite?
False
Let i = 29379 - 16052. Is i a prime number?
True
Let c = 11 - 0. Let k = c - 3. Let t = 19 - k. Is t composite?
False
Let k(r) = -21 - 8 + 6 + 56*r + 4. Is k(10) composite?
False
Suppose 0 = -w + 2*w - 2. Let m(s) = -w*s - 13 + s + 21*s. Is m(10) a prime number?
False
Let a(h) = -36*h - 5. Suppose 2*f + 57 = -f. Is a(f) composite?
True
Let z = 1 - 4. Let o be 2/(z + (-3 - -4)). Is (-149)/(o + (1 - 1)) composite?
False
Suppose -21*a + 20*a + 151082 = m, -3*m = -2*a + 302149. Is a composite?
True
Let l = -28 - -30. Suppose -2*f + 2*d + 280 = -0*d, -5*d = -l*f + 271. Is f a composite number?
True
Is -6053*(12 + -6 + -8) a composite number?
True
Suppose 8*j = 3*j + 2315. Suppose 6*k - k = -4*u + j, 3*u = 3*k - 267. Is k prime?
False
Let u = 2 - -1. Let v(i) = 2*i**3 + 4*i**2 - u - i**3 + 2*i - 2. Is v(6) prime?
True
Suppose 87*k = 103*k - 35536. Is k a prime number?
True
Let z = -20 - 405. Let q = 840 + z. Is q a composite number?
True
Let x be -92*(-1)/((0 - -1) + 3). Suppose x*w - 26*w + 93 = 0. Is w a prime number?
True
Suppose 0 = r - 152 - 2957. Is r composite?
False
Suppose 2*t - 12 = -4. Suppose -15 - 27 = -3*x + 5*l, -t*l = 12. Is ((-835)/3)/((-3)/x) a composite number?
True
Let f = 2 - -14. Suppose -6*y = -0*y - 12. Is -68*(y - 124/f) composite?
True
Let d(y) = 2*y - 18. Let j be d(8). Let f be (119/(-14))/(j/(-12)). Let v = 20 - f. Is v prime?
True
Let m(h) = -39*h + 18. Suppose -2*q = 28 - 6. Is m(q) a composite number?
True
Let j be (1 + (0 - 7))*(-382)/3. Suppose 8*q - 5*o - j = 4*q, 0 = 5*o. Is q a composite number?
False
Let f be (-13*1/1)/((-7)/791). Let a = -888 + f. Is a composite?
True
Suppose 0 = -3*z - 2*a - 2*a - 14598, 24335 = -5*z - 5*a. Let t be (-20)/(-15) - z/(-3). Let u = 2307 + t. Is u prime?
False
Let c = -25 - -39. Suppose -c = -o - 12. Is o composite?
False
Suppose 0 = -5*n + 20, 4*z - 4*n = -7*n + 6952. Is z prime?
False
Let a = 21370 - 9741. Is a a composite number?
True
Let q(g) be the first derivative of g**4/2 - 7*g**3/3 - g**2/2 + g - 1. Is q(5) prime?
True
Let b = -2 + 0. Let u(s) = -140*s + 2. Let h be u(b). Suppose 0 = -5*o - h + 997. Is o prime?
False
Let b be (-19 - 2)*(-3)/9. Let m(c) = 4*c**2 + 5*c - 10. Let j be m(b). Suppose -3*d - j = -3134. Is d a composite number?
False
Let b(t) = -2*t**3 + 22*t**2 + 7*t - 11. Is b(-12) a composite number?
False
Let y = -10 + 13. Suppose 2*p - 335 = -2*p - h, -p + y*h = -74. Is p composite?
False
Suppose -2989 = 6*m - 9295. Let q = 2228 - m. Is q composite?
True
Let c be 5 - 6/2 - -2. Suppose l + 9 = c*l. Suppose 0 = -2*f + l*s + 20 + 51, -f - s + 38 = 0. Is f a composite number?
False
Suppose 5*k - 4*k - 1265 = -2*c, 0 = 5*k - 4*c - 6325. Suppose -759 = -3*n + 6*b - b, 0 = -5*n - 4*b + k. Is n a prime number?
False
Let o be 1/(3/624) - -4. Let n = 309 - o. Is n prime?
True
Let q(l) = 11*l**2 - 10*l + 3. Let d be q(7). Let u = -178 + d. Suppose -52 - 94 = -2*t + k, -k - u = -4*t. Is t prime?
False
Let y(a) = 5*a**2 - 3*a + 2. Let h be y(1). Suppose 0*x - 451 = -r - x, 2*x - 1810 = -h*r. Is r a prime number?
False
Let d(o) = o**3 + o. Let c(h) = 3*h**3 + 6*h**2 + 12*h - 9. Let n(w) = c(w) - 5*d(w). Let y be n(5). Is ((-126)/(-4))/(-9)*y a composite number?
True
Suppose 0 = -5*q + 9160 + 19435. Suppose -3*n + 5*w + 3806 = -n, 0 = -3*n + 5*w + q. Is n a prime number?
True
Let c(a) = 205*a - 16. Is c(3) composite?
False
Is ((-247110)/20)/(30/(-100)) prime?
False
Suppose 37*j - 164863 = 18*j. Is j composite?
False
Is 2*((-2146)/(-4) - 0) a prime number?
False
Suppose -3*l = -2*v - 20 + 3, -2*v = -l + 7. Suppose -10*f + l*f + 1030 = 0. Is f composite?
True
Suppose -8*j + 25050 + 1870 = 0. Is j composite?
True
Suppose -3*r + 18182 = 2*i, 0*r + 18182 = 2*i + 2*r. Is i a composite number?
False
Let i(z) = 71*z - 10. Let x(p) = -107*p + 15. Suppose 5*v + 13 = 3*v - 3*b, 0 = 4*v - b + 19. Let t(h) = v*x(h) - 7*i(h). Is t(11) composite?
True
Suppose -2*o + 1714 = 4*x + 5110, -3400 = 4*x + 3*o. Let j = -436 - x. Is j prime?
False
Suppose 8 = -4*m, -2*h - 2*m - 18 = m. Let i be 24 - -1 - 12/h. Is (6/(-4))/(i/(-3636)) prime?
False
Let t(i) = 20*i. Let m be t(5). Suppose 2*x - m = 402. Is x prime?
True
Suppose -15*z + 5971 = -8*z. Is z prime?
True
Let a = -350 - -529. Is a a composite number?
False
Let c(g) = -g**2 + 11*g + 7. Let p be c(9). Suppose -6*w = -11*w + p. Suppose h - w*h + 812 = 0. Is h a composite number?
True
Let m = 1896 - -2713. Is m a prime number?
False
Let q(w) = -6*w**3 + w**2 + 2*w + 1. Let u be q(-1). Suppose s = u*s - 10. Suppose s*g - 169 = v + 235, 816 = 4*g + 2*v. Is g prime?
False
Suppose -6*i - 5*i = -22. Suppose -i*o = 14 - 52. Is o a composite number?
False
Let f(o) = 2*o + 27. Let k be (-3)/(-21) + 27/7. Let w = k + 9. Is f(w) a prime number?
True
Suppose -2*t = -2*o - 2, 0*o - 2*o = 2*t - 10. Let v(u) = u**2 - u + 1. Let b be v(t). Let k(w) = w**3 - 6*w**2 + 2*w + 4. Is k(b) prime?
True
Suppose 3*p - 5*n = 5678, n + 0*n = -4*p + 7609. Is p composite?
False
Let k be (-2)/11 + 7/(539/22729). Suppose 6*z = 4*z + 1466. Suppose -z = -4*v + k. Is v prime?
True
Let c(n) = 5*n**3 - n**2. Let k be c(-1). Let v(b) = -129*b + 29. Is v(k) composite?
True
Suppose 220277 = 10*t + 27307. Is t prime?
False
Suppose -22585 = -26*k + 18625. Is k prime?
False
Let t(z) = 8*z**2 - 34*z + 19. Let l(k) = -5*k + 14. Let g be l(0). Is t(g) a prime number?
False
Is (-32668)/(-5) - (-258)/(-430) prime?
False
Is 2/18*-2 - 1237535/(-117) a prime number?
False
Let p = -865 + 1524. Is p composite?
False
Let d(o) = o**2 + 3*o + 123. Is d(-29) a prime number?
True
Suppose 7991 + 9317 = 4*i. Is i composite?
False
Let f(t) = -t**2 - 6*t - 9. Let d be f(-3). Suppose -4*h + 1567 - 51 = d. Is h composite?
False
Is ((-21)/6)/((-11)/26114) composite?
True
Let j(h) = h**3 + 23*h**2 - 9*h + 12. Is j(-23) a prime number?
False
Let b(f) = 73*f**3 - 3*f**2 + 7*f - 5. Let p be b(2). Suppose 4*t + 2359 = 4*c + 3*t, -c = -2*t - p. Is c prime?
False
Is ((-16)/(-12))/(18/42741) composite?
True
Is 6/24 - (-727630)/40 prime?
True
Let l = 779 + -23. Suppose 5*q = 3*i + 537 + 335, 0 = -3*i + q - 868. Let b = l + i. Is b a composite number?
False
Let q = -26 + 34. Suppose q*u = 7*u + 4. Suppose 0 = u*a + 8, -3*d + 0*d + 797 = -4*a. Is d a composite number?
False
Let q(p) = p**2 - 13*p + 4. Let w be q(13). 